alculate the highest common divisor of 1130291 and 472378.
589
Calculate the highest common divisor of 8225 and 1737.
1
Calculate the highest common divisor of 145 and 643940.
5
Calculate the highest common divisor of 22065963 and 3156.
789
Calculate the greatest common divisor of 187 and 177751541.
187
Calculate the highest common factor of 28715756 and 8.
4
What is the greatest common divisor of 315 and 68670630?
315
What is the greatest common factor of 13570703 and 788269?
5671
Calculate the greatest common factor of 2250598 and 54.
2
Calculate the greatest common factor of 80 and 2726040.
40
Calculate the highest common divisor of 6042463 and 5593.
119
Calculate the highest common factor of 2125302 and 202704.
618
What is the greatest common factor of 63 and 27093822?
21
Calculate the greatest common divisor of 933728 and 384.
32
What is the highest common divisor of 24 and 35544180?
12
What is the highest common factor of 54688848 and 144?
48
What is the greatest common divisor of 11134 and 39786?
38
What is the highest common divisor of 19697695 and 5?
5
Calculate the greatest common factor of 746081 and 182.
7
What is the highest common divisor of 104556650 and 37840?
4730
What is the highest common divisor of 672 and 799241184?
672
Calculate the greatest common divisor of 372 and 6744720.
12
What is the greatest common divisor of 10340 and 2170?
10
What is the greatest common divisor of 308204649 and 5274?
2637
Calculate the highest common divisor of 6629310 and 287928.
2322
Calculate the highest common divisor of 19302087 and 21.
21
What is the highest common divisor of 251772420 and 12690?
1410
What is the greatest common factor of 300 and 9198750?
150
Calculate the greatest common factor of 932926 and 33442.
46
Calculate the highest common divisor of 27345 and 75345.
15
Calculate the highest common divisor of 143 and 2438306.
13
What is the highest common divisor of 4393 and 336842061?
4393
Calculate the highest common factor of 94654721 and 98.
49
What is the highest common divisor of 3295956 and 3141?
1047
What is the highest common divisor of 21 and 8357174?
7
Calculate the highest common divisor of 174288234 and 2031.
2031
What is the greatest common factor of 211149 and 311721?
87
What is the highest common factor of 1384340 and 6080?
380
What is the greatest common divisor of 453414460 and 1675?
335
Calculate the greatest common factor of 1899 and 194841.
9
Calculate the greatest common factor of 56 and 6527960.
8
What is the greatest common divisor of 1204 and 2150516?
172
What is the highest common factor of 384951 and 2183160?
483
Calculate the greatest common divisor of 1818 and 699586398.
1818
What is the greatest common factor of 221 and 1759177?
17
What is the greatest common factor of 78 and 956969?
13
Calculate the highest common factor of 30084 and 684273.
69
What is the highest common factor of 3861 and 154143?
297
What is the greatest common factor of 3270 and 49471503?
327
What is the highest common factor of 8520639 and 327?
327
Calculate the greatest common factor of 231140 and 60606.
182
Calculate the highest common divisor of 1024 and 35752736.
32
What is the greatest common divisor of 21348 and 9803476?
2372
Calculate the greatest common factor of 40390 and 116985596.
8078
What is the greatest common factor of 5240 and 544480540?
2620
What is the greatest common divisor of 66 and 120054297?
33
What is the highest common divisor of 76 and 74845294?
38
What is the highest common factor of 18992013 and 232?
29
Calculate the highest common divisor of 5292 and 52663716.
756
Calculate the highest common divisor of 2533 and 201161.
17
What is the highest common factor of 590644 and 8?
4
What is the greatest common factor of 905574 and 32?
2
Calculate the greatest common divisor of 10164 and 16394.
14
What is the highest common factor of 235261158 and 12?
6
What is the highest common divisor of 212196 and 96?
12
What is the greatest common factor of 58485 and 284627?
3899
What is the highest common divisor of 1455371 and 4577?
23
What is the greatest common divisor of 123600 and 1066800?
1200
What is the greatest common divisor of 96980248 and 2794?
254
What is the greatest common divisor of 14440 and 34040?
40
What is the greatest common divisor of 174 and 119128665?
87
What is the highest common divisor of 2984 and 2131040?
8
Calculate the greatest common factor of 67409570 and 20.
10
What is the highest common factor of 1520691 and 32361?
69
What is the greatest common divisor of 16236 and 491262?
246
What is the greatest common divisor of 2968771509 and 10329?
10329
What is the highest common divisor of 364837086 and 414?
414
Calculate the highest common divisor of 66981 and 1006956.
249
What is the highest common factor of 1564998 and 17266?
194
Calculate the greatest common factor of 8292 and 704934015.
2073
What is the greatest common divisor of 455 and 292171460?
35
What is the greatest common factor of 416 and 15703948?
52
What is the greatest common divisor of 95087875 and 2375?
2375
What is the highest common factor of 40518700 and 625?
25
What is the greatest common factor of 133 and 2163049?
7
What is the greatest common divisor of 650 and 1341150?
50
What is the greatest common factor of 1229640 and 808440?
120
What is the greatest common factor of 2643031024 and 1888?
944
What is the greatest common divisor of 17591 and 919191?
49
What is the highest common divisor of 18216 and 1767504?
552
What is the greatest common factor of 27853008 and 288?
48
Calculate the highest common divisor of 56030960 and 2080.
80
What is the greatest common divisor of 6662 and 11094?
2
Calculate the greatest common divisor of 15612 and 121848.
12
What is the highest common factor of 23880422 and 106?
106
Calculate the greatest common divisor of 16877 and 178057172.
2411
What is the greatest common divisor of 110398 and 176866?
382
What is the highest common factor of 723 and 6032953?
241
What is the highest common divisor of 92 and 3100078?
46
Calculate the highest common divisor of 636124 and 107692.
436
What is the greatest common factor of 110 and 5139805?
55
What is the highest common factor of 221 and 937362?
1
Calculate the greatest common divisor of 13782230 and 11.
11
Calculate the greatest common divisor of 91426 and 88366.
34
Calculate the greatest common divisor of 17721 and 1914.
33
What is the greatest common divisor of 128 and 893961792?
64
Calculate the highest common divisor of 2159 and 888858141.
2159
What is the highest common factor of 76413203 and 83?
83
Calculate the greatest common factor of 11 and 4981779.
11
What is the greatest common divisor of 1433628 and 4734?
18
What is the highest common divisor of 31279 and 1087702?
1009
Calculate the highest common factor of 1044 and 22378896.
36
Calculate the greatest common divisor of 3159 and 29809.
13
Calculate the greatest common divisor of 5474 and 4889132.
34
What is the highest common factor of 12 and 742539936?
12
What is the highest common divisor of 132 and 7648948956?
132
Calculate the greatest common factor of 676228 and 700.
28
What is the greatest common factor of 2311062682 and 1501?
1501
Calculate the highest common divisor of 50237694 and 390.
78
What is the greatest common factor of 23001 and 412214?
451
What is the greatest common factor of 23 and 32254?
1
What is the highest common divisor of 18348590 and 9889?
899
Calculate the greatest common divisor of 305 and 19438748.
61
Calculate the highest common divisor of 9296 and 209741.
581
What is the highest common factor of 140025 and 27383289?
5601
What is the greatest common factor of 147 and 1300509?
147
What is the greatest common factor of 225 and 72880125?
75
What is the greatest common divisor of 4200 and 11920050?
150
Calculate the greatest common factor of 1037956689 and 21.
21
What is the greatest common divisor of 56035 and 75?
5
What is the highest common factor of 15 and 5629110?
15
What is the highest common factor of 1539757949 and 8186?
4093
What is the greatest common factor of 230514 and 7221948?
618
What is the highest common factor of 2130335 and 1590?
265
What is the highest common factor of 773311182 and 1953?
651
What is the greatest common divisor of 151498 an